er?
False
Is 156553 a prime number?
False
Is 40191 composite?
True
Is 14519 a composite number?
False
Is 12589 a composite number?
False
Is 105299 prime?
False
Is 22769 prime?
True
Is 10673 a composite number?
True
Is 1054249 a prime number?
False
Is 2311651 a prime number?
True
Is 580093 composite?
False
Is 17807 a composite number?
False
Is 5471 prime?
True
Is 941719 prime?
False
Is 1543 a composite number?
False
Is 4283 prime?
True
Is 519 a prime number?
False
Is 110521 a prime number?
False
Is 6523 prime?
False
Is 72859 prime?
True
Is 140383 prime?
False
Is 73199 a composite number?
True
Is 132199 a composite number?
False
Is 263 composite?
False
Is 110571 prime?
False
Is 96119 composite?
True
Is 172882 a prime number?
False
Is 5351 a prime number?
True
Is 24653 a prime number?
False
Is 9197 composite?
True
Is 882139 a composite number?
False
Is 117269 composite?
False
Is 9818 prime?
False
Is 12527 composite?
False
Is 184123 prime?
False
Is 10427 a prime number?
True
Is 335549 a prime number?
False
Is 9461 composite?
False
Is 333869 prime?
False
Is 16411 a composite number?
False
Is 49727 a prime number?
True
Is 134297 prime?
False
Is 4912189 composite?
True
Is 10057 a prime number?
False
Is 22433 a composite number?
False
Is 2463 a prime number?
False
Is 8549 a composite number?
True
Is 42899 composite?
False
Is 3346199 a prime number?
True
Is 52361 a prime number?
True
Is 4729 a prime number?
True
Is 1917259 a prime number?
True
Is 13435 prime?
False
Is 21643 a prime number?
False
Is 2927 a prime number?
True
Is 719 a prime number?
True
Is 134747 composite?
True
Is 758401 prime?
False
Is 43114 a composite number?
True
Is 7901 composite?
False
Is 12461 a prime number?
False
Is 5981 a prime number?
True
Is 941 composite?
False
Is 55135 a prime number?
False
Is 418685 composite?
True
Is 704683 prime?
False
Is 22141 a composite number?
True
Is 2531 a composite number?
False
Is 353063 a composite number?
True
Is 24197 a composite number?
False
Is 17455 composite?
True
Is 67027 prime?
False
Is 747731 a composite number?
False
Is 889 composite?
True
Is 1488653 a composite number?
False
Is 29339 a composite number?
False
Is 176017 composite?
False
Is 32363 prime?
True
Is 85109 composite?
False
Is 58403 a composite number?
False
Is 11801 composite?
False
Is 639565 prime?
False
Is 6835 prime?
False
Is 2577 prime?
False
Is 644327 composite?
False
Is 607183 composite?
True
Is 2627 prime?
False
Is 15766 prime?
False
Is 11699 composite?
False
Is 180617 composite?
False
Is 2291 a prime number?
False
Is 36251 a composite number?
False
Is 373 prime?
True
Is 13471 a composite number?
True
Is 1054505 prime?
False
Is 401073 a composite number?
True
Is 442601 a prime number?
True
Is 12273 prime?
False
Is 10821 a prime number?
False
Is 145043 prime?
True
Is 78779 composite?
False
Is 1945 a prime number?
False
Is 1477 a prime number?
False
Is 13963 composite?
False
Is 1774151 a composite number?
True
Is 31531 a prime number?
True
Is 183743 a composite number?
True
Is 194759 a composite number?
True
Is 91187 prime?
False
Is 105445 composite?
True
Is 348485 prime?
False
Is 1049999 composite?
False
Is 2761 composite?
True
Is 12763 a prime number?
True
Is 6218 prime?
False
Is 93977 a composite number?
True
Is 70841 a prime number?
True
Is 886 composite?
True
Is 156217 a composite number?
False
Is 50317 composite?
True
Is 15689 composite?
True
Is 106853 prime?
True
Is 39253 composite?
True
Is 25661 a composite number?
True
Is 17849 a prime number?
False
Is 520435 a composite number?
True
Is 18674 a composite number?
True
Is 3935 composite?
True
Is 28639 composite?
True
Is 14923 prime?
True
Is 413987 a composite number?
True
Is 3481 composite?
True
Is 14489 composite?
False
Is 123999 a composite number?
True
Is 912763 prime?
True
Is 3613 a prime number?
True
Is 33521 a composite number?
False
Is 5147 prime?
True
Is 105661 prime?
False
Is 220217 a composite number?
False
Is 602191 a composite number?
True
Is 17147 a prime number?
False
Is 2336431 prime?
True
Is 687431 a composite number?
False
Is 125777 composite?
False
Is 15959 prime?
True
Is 173741 composite?
False
Is 34211 prime?
True
Is 48847 prime?
True
Is 677 a composite number?
False
Is 2827 composite?
True
Is 102481 composite?
False
Is 3161 composite?
True
Is 373831 a composite number?
True
Is 347801 a prime number?
True
Is 11801 composite?
False
Is 65623 a composite number?
True
Is 386279 a prime number?
True
Is 43721 a prime number?
True
Is 9781 composite?
False
Is 3163 composite?
False
Is 4391 a prime number?
True
Is 2789 a prime number?
True
Is 422621 prime?
True
Is 37643 prime?
True
Is 5485 a composite number?
True
Is 2579 a prime number?
True
Is 649585 a prime number?
False
Is 505757 a prime number?
False
Is 8654 composite?
True
Is 7369 a composite number?
False
Is 1237721 composite?
False
Is 97339 a composite number?
True
Is 46385 prime?
False
Is 2789 a prime number?
True
Is 72843 prime?
False
Is 9577 a composite number?
True
Is 3607894 prime?
False
Is 14969 prime?
True
Is 23227 a composite number?
False
Is 12511 a prime number?
True
Is 17707 composite?
False
Is 251071 a prime number?
True
Is 45403 prime?
True
Is 5223071 prime?
False
Is 84179 prime?
True
Is 5567 prime?
False
Is 5141 composite?
True
Is 50287 a prime number?
True
Is 233869 prime?
False
Is 64109 prime?
True
Is 1623 composite?
True
Is 98885 a prime number?
False
Is 146477 a prime number?
True
Is 2052391 prime?
False
Is 36139 prime?
False
Is 1949 a composite number?
False
Is 6467 composite?
True
Is 131153 a composite number?
True
Is 1748797 a prime number?
True
Is 33679 a prime number?
True
Is 17341 prime?
True
Is 9337 a composite number?
False
Is 50501 a prime number?
False
Is 573143 a prime number?
True
Is 5408191 a composite number?
False
Is 165173 composite?
False
Is 78121 a composite number?
False
Is 46199 prime?
True
Is 174479 a composite number?
True
Is 2268241 composite?
True
Is 10379 a prime number?
False
Is 99147 composite?
True
Is 71411 a prime number?
True
Is 116089 composite?
False
Is 465357 composite?
True
Is 4109 composite?
True
Is 25013 prime?
True
Is 11677 a prime number?
True
Is 3804373 composite?
False
Is 64151 a composite number?
False
Is 499 a composite number?
False
Is 85429 a composite number?
False
Is 31379 a composite number?
False
Is 184657 composite?
True
Is 5333 prime?
True
Is 91079 a composite number?
False
Is 29487 composite?
True
Is 119227 composite?
False
Is 55373 prime?
True
Is 113453 a prime number?
True
Is 11467 composite?
False
Is 762213 a prime number?
False
Is 3377 prime?
False
Is 18899 composite?
False
Is 17521 prime?
False
Is 81799 a composite number?
False
Is 34817 composite?
True
Is 1471 a prime number?
True
Is 2342037 composite?
True
Is 100403 prime?
True
Is 541631 prime?
True
Is 255239 a prime number?
True
Is 65909 a composite number?
True
Is 254593 a prime number?
True
Is 705927 a prime number?
False
Is 22601 composite?
True
Is 2263 prime?
False
Is 6947 prime?
True
Is 19639 composite?
True
Is 50833 a composite number?
False
Is 712645 prime?
False
Is 501086 composite?
True
Is 1766263 prime?
False
Is 23395 composite?
True
Is 94859 a prime number?
False
Is 13511 composite?
True
Is 11309 a prime number?
False
Is 18799 composite?
True
Is 266397 a prime number?
False
Is 59855 a prime number?
False
Is 57463 a prime number?
False
Is 291839 a prime number?
False
Is 134129 prime?
True
Is 13327 a prime number?
True
Is 53129 composite?
False
Is 243889 composite?
False
Is 2609 a prime number?
True
Is 470297 composite?
False
Is 5833 a composite number?
True
Is 43331 a prime number?
True
Is 358217 a composite number?
True
Is 52157 a prime number?
False
Is 87811 a composite number?
False
Is 616191 prime?
False
Is 16963 a prime number?
True
Is 3989 prime?
True
Is 10033 a prime number?
False
Is 743 composite?
False
Is 2918915 prime?
False
Is 5981 a composite number?
False
Is 1739533 composite?
False
Is 41557 a prime number?
False
Is 34739 a prime number?
True
Is 58423 composite?
True
Is 20714 a prime number?
False
Is 40787 composite?
False
Is 491201 composite?
False
Is 18839 prime?
True
Is 15499 a prime number?
False
Is 393317 a composite number?
True
Is 55487 a prime number?
True
Is 1709 a prime number?
True